e -9 + -31 + 35 + -4 - 28.
-37
What is -9 + 8 + -6 + (-50 - -59) - (8 - -114)?
-120
What is -857 - -955 - (8 + 21 - 8)?
77
Calculate (31 - (93 + -40)) + (-52 - 5).
-79
81 + -1 + (3 - (-18 + -4 - -15))
90
What is the value of (-42 + 12 - -15) + (-93 - -67)?
-41
What is (-61 - (9 - 12)) + ((-15 - 4) + 9 - -11)?
-57
Calculate -35 + (6 - (-8 - 35)).
14
Evaluate 107 - (10 - 0 - (18 + 9 - 24) - 2).
102
Calculate 61 - (-5 + -7 + 10 - (-1 - 13)).
49
What is the value of -38 + -17 + 19 - -71?
35
What is -8 - (15 + -13 + -24 - -19)?
-5
79 + (-177 - -94) - (2 + 10 + -2)
-14
Evaluate 1 + (8 - 0) - (103 - (76 - -138)).
120
What is (8 - 3 - 0) + (27 - (-3 + 24)) - 22?
-11
Calculate 1 + -4 - ((21 - 1) + (-28 - 282 - -176)).
111
Calculate (-1 - -52) + (6573 - 6643).
-19
46 + (1 - 0) - (64 - -117)
-134
(-1 + -5 - (-20 + 20)) + -80 + 117
31
Calculate -44 + 37 + (-23 - -1 - -11).
-18
What is 2 - (6 - (0 - -6) - (13 + -19) - -56)?
-60
-2 + 2 + 1 - (-18 - -42 - (-7 + -6))
-36
What is (48 - 20) + (4 - -40) - (2 + -1 + 7)?
64
43 - -10 - (-37 + 71 + -61)
80
What is the value of -1523 + 1618 + (-2 + -2 - (18 - 7))?
80
(-28 - -45 - 74) + (-15 - (-5 - -3)) + -8
-78
What is the value of (-74 + 58 - -50) + -38 + (40 - (-1 + 1))?
36
Calculate (5 - (-3 - -2)) + -19 + 17 + -8.
-4
(-2 - 44) + 12 + (-44 - -45)
-33
What is the value of -117 + 190 + -114 + 73?
32
What is the value of -36 - (45 + -97 + (-12 - -44))?
-16
What is (31 - (6 - -17)) + -11 - -36?
33
What is the value of (3 - -1) + (-61 - -119) - (36 + -30)?
56
What is the value of (-4 - 7) + 10 - (-37 + 20 + 25)?
-9
(-19 - -2) + 40 + -40
-17
Evaluate 15 - 0 - (-14 + -232 + 221).
40
Calculate 22 - (18 + -16 + 8) - (-11 + -4).
27
(93 - -6) + (33 + -61 - 9)
62
(-7 - (43 + -56) - -110) + 21
137
What is the value of -12 - (96 - 96 - 106)?
94
-14 + 7 - 11 - (-9 + 0 + 11)
-20
Calculate 37 + 155 - 182 - (51 - (-1 - 0)).
-42
Evaluate 1 - -1 - (12 + 46 + -38 + -123).
105
What is the value of -50 - (-2 + 9 + (17 - 18 - -8 - 4))?
-60
Calculate -16 - -1 - (-45 + (32 - (22 - 9))).
11
-4 + -13 + -62 + 33
-46
What is the value of -457 + 344 - (-52 + -10)?
-51
What is 36 + 4 + -76 + 59?
23
((2 - 3) + 66 + -4 - -1) + -490 + 481
53
Evaluate 168 - (-22 + (272 - 137)).
55
What is (-22 - (-6 + (-12 - -1))) + 14 - -24?
33
-27 + -14 - -44 - (-1 + 4 + -34)
34
Evaluate 43 + (0 - -8) - (516 + -475).
10
-794 + 802 + -25 + 1
-16
What is the value of 54 - 19 - (190 + -165)?
10
What is the value of (8 - 0) + -15 + (-8 - 5 - -63)?
43
Evaluate (-10 - 5) + (99 - 127).
-43
18 + (32 - 77) + 2
-25
Calculate 48 + -69 + -80 + 60.
-41
Evaluate -9 + -41 + (-673 - -690).
-33
What is the value of -2 - (-3 - -5) - 30 - (358 + -368)?
-24
What is -1 + 52 - 47 - -26?
30
-9 - (-139 - (-32 - 58))
40
What is the value of 23 + 35 + -36 + -47?
-25
Calculate 68 - (71 + 34) - -103.
66
Calculate 2 - (-38 + 50 + -47).
37
-15 + (6 - 3) - ((17 - 1) + (-687 - -656))
3
(45 - 0) + (53 + -40 - 28)
30
What is -101 - (-8 - 85) - (1 - -2)?
-11
What is the value of (-41 - -52) + -142 + 164?
33
Evaluate 39 + -5 - (83 - 11).
-38
What is -88 - (-134 - (-55 - 23))?
-32
Evaluate 82 - (-87 + 61 - -43).
65
33 + -40 - -1 - -5 - (-2 - 1 - 1)
3
Evaluate 63 - ((-88 - -81) + 121).
-51
What is (5 + -23 - -32) + 57 - ((2 - -1) + 0)?
68
What is -11 + (28 - 35) - (2 + -6 + 93)?
-107
What is the value of 4 - (3 - (3 - -2)) - ((-124 - -68) + 55)?
7
Evaluate -11 + (-43 + 29 - -45).
20
Evaluate (93 - -4 - 85) + 98.
110
What is the value of -5 - 1 - ((-1 - -1) + 43 + (936 - 938))?
-47
What is 56 - (-60 - (-13 - (-30 + 53)))?
80
What is (-214 - (59 - 11)) + 143?
-119
What is the value of (32 - 2) + 9 + -34 + 34 + -18?
21
Calculate 120 - (244 - 94) - -32.
2
What is (2 - (5 + -14 + -2 - (-1 - -12))) + 8?
32
-61 + 62 + 2 + -2 + 5 + (-2 - 81)
-77
What is -2333 + 2436 - (2 - (-14 + 3 + 0))?
90
Calculate 40 + 12 + -7 + -7 + -9.
29
What is the value of (-26 - 118) + 85 - -35?
-24
Evaluate 59 + (29 - ((1 - 9) + 11 - 0) - 13).
72
What is -107 - (-273 + (62 - 12))?
116
What is the value of 16 + (7 + -5 - -22 - 25)?
15
What is (-18 - -14 - (0 + -2) - -106) + 121 + -110?
115
What is the value of (73 - (-113 - -289)) + 31?
-72
Evaluate 19 + -5 - -2 - (57 + (11 - 2)).
-50
0 - 14 - (17 + -2 + 16 + -19 + -85)
59
What is the value of 11 + (24 - (-21 - -57) - (-28 + -1))?
28
-46 + 64 + (-39 - (-10 + 10))
-21
What is the value of 9 + (3 + 16 - (32 + -2)) + -34?
-36
Evaluate (-88 - 1) + (22948 - 22945).
-86
Calculate (-45 - -3) + (-41 - (-160 - -93)).
-16
Calculate (-33 - (-18 + 3) - 19) + 17.
-20
-2 + (-3 + -25 - -19 - -84) + -11
62
Calculate -39 + -1 + (75 - 71 - (2 - 3)) + 6.
-29
What is the value of -4 + -2 - (-549 + 523 + (-2 - 30))?
52
Evaluate (-1 - 38) + -83 + 122 + -20 - -81.
61
Calculate -154 - (81 + -23 + -144).
-68
What is the value of -138 + 161 + (124 - 250)?
-103
What is the value of (1 - 5) + 32 + 5 + 9 + -20 + 7?
29
Evaluate (0 - 128) + -56 + (45 - (-43 + 24)).
-120
What is the value of 70 + 85 + -90 - 128?
-63
What is -43 - (-5 - (70 + -39))?
-7
Evaluate -1 + 13 + (0 - (41 - 26)) - -73.
70
12 - 0 - 15 - (2 + -14) - 37
-28
What is the value of 78 + -127 + (4 - (4 - (2 + 4)))?
-43
What is the value of 90 + -56 + -17 + -12?
5
Calculate -9 - (-2 + 5 + 3) - (-59 - 17).
61
What is the value of 9 + -42 - -3 - 11?
-41
Evaluate (-3 + -1 - -53) + 20 + (21 - 31) - 0.
59
-70 + 19 + (-29 - -3) + 4
-73
What is the value of -5 - (-17 + 1) - ((-6 - 14) + 24)?
7
Calculate (96 - (-563 - -673)) + (-1 - 0 - -98).
83
Calculate -4 + 2 + 22 + (-5 + 2 - -7) + 6.
30
What is the value of 0 + -8 - (6 - (15 + -13 + -6))?
-18
-121 - (10 - 59) - -40
-32
What is the value of (-3 + 2 - -5 - (9 + 3)) + 14?
6
Evaluate 3 - ((4 - (-6 - 3)) + -6 + 20).
-24
Calculate (-21 + -16 - -27) + 10.
0
-13 - ((5 - 23) + 12 - (-2 - (0 + 2)))
-11
Evaluate 119 + -52 + -78 - (-1 + (-3 - -2) + -113).
104
75 + 40 + -108 - 72 - (0 - 23)
-42
What is -4 + 3 + -2 + -1 + 170 + -172?
-6
What is 1 + (-11 - -1 - (63 + -59)) - (-44 + 11)?
20
4 + -29 + 3 - -42
20
What is 0 + (-33 - (14 + -41) - (-1 + -3 + 2))?
-4
What is the value of (42 - (12 + -3 + 1)) + 139 + -134?
37
(9 + 0 - (35 + -14)) + (6 - 3)
-9
Calculate 2 - (15 + 2) - (-79 - (113 + -162)).
15
Calculate (8 - -2) + (-98 - -89 - (-1 - 1)).
3
101 + (6 + -4 - 3) - (-82 - -92) - -1
91
What is the value of 0 + 88 + (31 - 24) - ((3 - -3) + 3)?
86
What is the value of (-21 - -3) + 3187 + -3065?
104
What is the value of (-1 - (28 + -4 - -17)) + 22?
-20
Evaluate -97 + (2 - -58) - -30.
-7
What is 13 - 2 - (33 + -9 + -18) - -21?
26
Calculate -29 + -21 + (45 - 11).
-16
What is the value of (-4 - (3 + -4)) + (16226 - 16363)?
-140
Evaluate -8 - (-5 + (11 - 5) + -12) - 113 - -9.
-101
Calculate 5 - 11 - (0 - (1 - 1) - (-1674 + 1577)).
-103
(-49 - 32) + 176 + -108
-13
What is the value of -9 - ((60 - 94) + 28)?
-3
Calculate -98 + 15049 + -15037 + (-9 - (0 - 1)).
-94
Evaluate (0 - -3 - 12) + (-5 + (87 - 2) - 5).
66
What is the value of (7 - (-12 - -26)) + -41?
-48
Calculate (133 + -75 - 100) + (-3 - (4 - -1)).
-50
What is the value of 3 + -5 + -54 + 22?
-34
What is 5 + -1 + (-58 - 13) + 22?
-45
-2 + (-5 - (4 + -1)) - ((-13 - 70) + 21)
52
38 + 30 - (-5 - -32 - 4)
45
What is the value of (0 - -9) + (22 + -12 + -20 - -6) + -64?
-59
Evaluate -6 - (6 - (-1 - (-8 - 9 - -9)) - -13).
-18
Evaluate -48 + (-40 - -78) + -2.
-12
Calculate (0 - 57) + 118 - 51.
10
What is (121 - 149) + (4 - -40) - 135?
-119
(-11 - (-7 - -1)) + (61 - (9 - (6 + 10)))
63
Calculate -3 - (-59 - -113) - -177.
120
What is -2 - (13 - (-6 - (0 + (-24 - -5))))?
-2
(1 - 38) + (25 - (64 + -58))
-18
50 - 75 - (6 - (-5 + 25)) - 52
-63
Calculate (-2609 - -2611) + (-3 - -5 - 2).
2
Evaluate -4 + (103 - (-12 + 9)) + -1 + -16.
85
Evaluate 30 - 17 - (-25 - (12 - 5)).
45
Evaluate -39 + -209 + 236 - (-26 + (0 - -1)).
13
Evaluate -102 - -192 - (0 + 1 - -5) - (115 - 106).
75
What is -151 + 103 + -34 - -32?
-50
Calculate 173 + -195 - (4 - 0) - 2.
-28
(-73 - (-19 - 48)) + 5 + -55
-56
168 + -81 - 10 - 98
-21
Calculate (87 - 83) + 6 + -12 + -6.
-8
Evaluate 3 - (-8 - -4) - (-191 - -198).
0
Calculate (-1 - -8) + (-29 - (-21 + 18)) + 23 + -30.
-26
(120 - 23) + (427 - 490)
34
What is -61 - (-14 - (-2 + -18 + 23))?
-44
20 - (-61 - -35 - -29) - (11 - -2)
4
Evaluate (1 - -32) + (3154 - 326